2
Suppose -8*y - 180 = -3*y. Let c = 54 + y. Let t = -11 + c. What are the prime factors of t?
7
List the prime factors of 1/2*165*2.
3, 5, 11
Let l be (24/(-32))/((-1)/(-24)). List the prime factors of ((-16)/3)/(l/27).
2
Suppose l = 2*l - 110. List the prime factors of l.
2, 5, 11
Let l(n) = -5*n**3 - n - 3*n + 4*n**3 - 4*n**2. List the prime factors of l(-4).
2
Suppose 2*w + 0*w - 6 = 0. Suppose -5 = w*p + p + 5*q, -q = p. List the prime factors of p.
5
Suppose -36 = -5*q + 4*q. What are the prime factors of q?
2, 3
Let o = 201 - -50. List the prime factors of o.
251
Let z(d) = -3 - 7*d**2 - 6*d - 2 - 4*d**3 + 2*d**3. Let v be z(-4). Suppose 0*c = -5*c + v. What are the prime factors of c?
7
Let u(c) = c**3 + 11*c**2 + 11*c + 15. Let s be u(-10). Suppose -13 - 7 = -s*v. List the prime factors of v.
2
Let r = -7 + 11. Suppose -12 = -3*p - r*m, -3 = -3*p - 2*m + 9. Suppose -2*b + q + 3 = 0, -q + p*q + 6 = 5*b. What are the prime factors of b?
3
Let u be (-3)/(-2) + 53/2. Suppose -2*j = 1 + 7, p - 5*j - u = 0. What are the prime factors of p?
2
What are the prime factors of ((-229)/2)/(((-2)/4)/1)?
229
Let o = 6 - -21. What are the prime factors of o?
3
Suppose 2*v + 146 = t, 4*t - 458 = t + 2*v. List the prime factors of t.
2, 3, 13
Suppose -2 = h + 8. Let v = 21 + h. What are the prime factors of v?
11
Let y(d) = 4*d + 2. Let o(k) be the third derivative of -9*k**4/8 - 5*k**3/2 + 3*k**2. Let i(j) = -2*o(j) - 15*y(j). List the prime factors of i(-2).
2, 3
Let r(t) = -t**3 + t**2 + t + 168. List the prime factors of r(0).
2, 3, 7
Suppose r + 6*r = 189. What are the prime factors of r?
3
Suppose -5*s = -767 - 228. What are the prime factors of s?
199
Let b(c) = -2*c + 15. Let j(d) = -3*d + 30. Let z(q) = -5*b(q) + 3*j(q). List the prime factors of z(12).
3
List the prime factors of 123/39 + 2/(-13).
3
List the prime factors of (-29)/((-9)/2 - -4).
2, 29
Let r(v) = -4*v**2 - 2*v - 1. Let h be r(-2). Let w(z) = -z**2 - 3*z + 2. Let j be w(-4). Let b = j - h. What are the prime factors of b?
11
Suppose -2*r - 3*v + 16 = -3*r, -2*v = 3*r + 15. Let n = r - -10. What are the prime factors of (1/(n/27))/1?
3
Suppose -5*y = -4*v - 40, 0 = 3*y - 4*v - 6 - 26. Let f(a) = -a**2 + 6*a - 4. List the prime factors of f(y).
2
Let l = 1 + -5. What are the prime factors of 2/l - (-86)/4?
3, 7
Suppose -4*r - 30 = 4*n + 74, 5*r + 2*n = -115. What are the prime factors of (-813)/r - 2/(-7)?
3, 13
What are the prime factors of (-1004)/(-24) - (-1)/6?
2, 3, 7
Let i be 34/10 + (-4)/10. Suppose 0 = -0*y + 5*y + 5*z - 35, 6 = i*z. What are the prime factors of 0 + 2 + -2 + y?
5
Suppose 0 = -3*z + r + 236, -243 = -4*z + 2*r + 73. List the prime factors of z.
2, 3, 13
Let n = 24 + -15. Suppose -4*o - n = -z + 46, z = -o - 20. What are the prime factors of (-30)/(-2)*(-9)/o?
3
Let b(i) = i**3 + 6*i**2 - 4*i - 9. List the prime factors of b(-6).
3, 5
Let c(q) = -2*q - 12. Let l be c(-9). Suppose 0 - l = -2*z. List the prime factors of z.
3
Suppose 0 = z - 7 - 7. List the prime factors of z.
2, 7
Let v be ((-4)/(-3))/(2/3). Suppose 0 = -v*x + 12 - 2. What are the prime factors of x?
5
Let s(j) = -4*j**3 - 2*j**2 - 4*j - 1. What are the prime factors of s(-2)?
31
Let f = -4 + 14. List the prime factors of (15/f)/((-3)/(-28)).
2, 7
Suppose 3*n - 129 = 3*y, 4*n - 3*y + 29 = 196. List the prime factors of n.
2, 19
Let o(a) = -a**2 + a. Let f(h) = h**2 + h. Let i(b) = -7*b**2 - 4*b. Let m(z) = -4*f(z) - i(z). Let l(d) = -m(d) - 4*o(d). List the prime factors of l(5).
5
Suppose -5*s + 18 = -62. Suppose d - 2*n - s = 0, -3*d + 5*n = 3*n - 36. Suppose -d = -g - 1. What are the prime factors of g?
3
Let f = -5 + 5. Suppose f = -5*s + 2*s + 12. What are the prime factors of s?
2
Let h be (-1)/(-3 + (-10)/(-3)). What are the prime factors of 27*((-2)/h - 0)?
2, 3
Suppose -25 = -4*c + 103. What are the prime factors of c?
2
Let y = 20 - 4. Let p = y - 5. List the prime factors of p.
11
What are the prime factors of 4156/18 + (-9)/(-81)?
3, 7, 11
Let v be (30/3)/(6/15). Let z = v - 4. What are the prime factors of z?
3, 7
Suppose -139 = -5*x - w, 5*w + 18 - 153 = -5*x. Let b = x - 14. List the prime factors of b.
2, 7
Suppose -15 - 20 = 5*y. Let r(u) = 4*u**2 - 6*u + 6. Let x be r(y). What are the prime factors of (-4)/(-14) - x/(-28)?
3
Let r(b) = 89*b**2 + b + 1. List the prime factors of r(-1).
89
Let z(g) = -2*g + 128. What are the prime factors of z(0)?
2
Suppose 3*f - 3 = 6. Suppose 0*s + 3 = -5*s - 3*u, f*u - 15 = s. List the prime factors of (s/(-6))/((-1)/(-12)).
2, 3
Let p(u) = -2*u**3 - 3*u**2. Let d be p(-2). Let g(x) = 2 + x - 4*x + d*x. List the prime factors of g(3).
5
Let y(l) be the first derivative of 5*l**3/3 - l - 2. List the prime factors of y(1).
2
Suppose 5*k = 0, 0 = -x - 3*k + 83 - 6. What are the prime factors of x?
7, 11
Let o(h) = -h**3 - h**2 - 3*h + 6. List the prime factors of o(-4).
2, 3, 11
Suppose 2*p + 2*p = -2*s + 102, -2*s = -2*p - 96. List the prime factors of s.
7
Let l(q) be the third derivative of -17*q**6/120 - q**4/24 - q**3/6 - 4*q**2. List the prime factors of l(-1).
17
Suppose 1154 + 316 = 6*g. List the prime factors of g.
5, 7
Let u be 3/((-2)/(-2) + 0). Suppose 2*z = -u*z + 110. Suppose -5*x + 3 = -z. What are the prime factors of x?
5
Let x(t) = 0*t + 4 - 3 - 2*t. Let h be x(-1). Suppose -2*z + 38 = -h*v, -5*z = -z - 3*v - 70. List the prime factors of z.
2
Let a(f) = 3*f**2 - 2*f**2 + 1 - 2*f + 4*f. List the prime factors of a(-3).
2
Let s(v) = -v - 3. Let o be s(9). Let d be (3/(-2))/(4/8). Let p = d - o. List the prime factors of p.
3
Let l(b) = 13*b**2 - 2*b - 1. Let q be l(-1). Suppose 26 = 5*v - q. Suppose 3*r - 1 = -g + v, 2*g - 3*r = 0. What are the prime factors of g?
3
Let c = 5 - -4. Suppose -5*v = -c*v + 216. List the prime factors of v.
2, 3
Let r(c) = 59*c + 1. List the prime factors of r(1).
2, 3, 5
Let w = 60 + 67. What are the prime factors of w?
127
Suppose 2*w - p - 6 = 0, -2*p - 3 = -3*w + 7. Suppose -3*o = w*o - 175. List the prime factors of o.
5, 7
List the prime factors of 15/(-5)*61/(-3).
61
Let c = 1 + 2. Let k(r) = 10 + c*r**3 + 0*r**3 - 2*r**3 - 9*r - 7*r**2. What are the prime factors of k(8)?
2
Suppose -2*f - 297 = -33. Let k = -92 - f. List the prime factors of k.
2, 5
Let q = 184 - 86. Suppose q = 5*z - 27. List the prime factors of z.
5
Let n(h) = 4*h - 25. What are the prime factors of n(8)?
7
Let w = 61 - 6. List the prime factors of w.
5, 11
Let a be (36/10)/(8/20). Let n be (12/a)/(2/6). Let m = 6 - n. What are the prime factors of m?
2
Let p be 40/(2 + 2) - -3. Suppose 0 = 5*c - x - p - 66, 4*x = c - 31. List the prime factors of c.
3, 5
Let v(b) be the first derivative of 19*b**5/120 - b**4/24 - 4*b**3/3 + 4. Let l(r) be the third derivative of v(r). List the prime factors of l(1).
2, 3
List the prime factors of (-2 - 358)/(-4) + 0.
2, 3, 5
Let o(g) = -2*g**3 - 3*g**2 + 2*g + 1. List the prime factors of o(-3).
2, 11
Suppose 0 = 5*y + 25, -2*y + 55 = -4*z + 209. What are the prime factors of z?
2, 3
Let w(i) = i**3 - 5*i**2 - 10*i - 11. Let f(k) = 2*k**3 - 5*k**2 - 11*k - 12. Let x(t) = -2*f(t) + 3*w(t). What are the prime factors of x(-5)?
31
Let k(h) = -h**2 + 7*h - 4. Let b be k(5). Suppose 0 = -3*u + b*u - 27. List the prime factors of u.
3
Let s be 6/4 + 236/8. Suppose -3*u = -118 + s. What are the prime factors of u?
29
Suppose 1500 = -20*v + 25*v. List the prime factors of v.
2, 3, 5
Let a(m) = 6*m**2 + m + 1. List the prime factors of a(2).
3
Let q(f) = 13*f**2 + 3. Let l be q(3). Suppose -k = k - l. Suppose -z + 4*z - k = 0. What are the prime factors of z?
2, 5
Suppose -5*r - 2*f = 2*f - 1525, 2*r - f - 597 = 0. List the prime factors of r.
7, 43
Let r(l) = l**3 + 13*l**2 - 8*l - 8. Let s be r(-13). Let h = s + -55. What are the prime factors of h?
41
Let s(v) = v + 6. Let j(c) = -1. Let p(u) = 5*j(u) + s(u). Let f be p(-1). Suppose k - 5 - 7 = f. What are the prime factors of k?
2, 3
Suppose -2*i = 8, n = -2*i + 10 - 2. What are the prime factors of n/(-5)*(-25)/10?
2
Let q = -2 + -4. Let z be 3/q*2 + 2. What are the prime factors of 2/2 - z*-6?
7
Suppose 3*w + 2*w = 125. Suppose -r = -5*k - 6*r, -3*k + 2*r = -w. Let a(u) = u**2 - 2*u - 5. List the prime factors of a(k).
2, 5
Let y = 